{"id":16614,"date":"2021-08-09T17:39:11","date_gmt":"2021-08-09T23:39:11","guid":{"rendered":"http:\/\/jusac.usac.edu.gt\/?page_id=16614"},"modified":"2025-09-30T09:18:19","modified_gmt":"2025-09-30T15:18:19","slug":"aplicacion-en-linea-de-las-pruebas-de-conocimientos-basicos-y-descarga-de-resultados","status":"publish","type":"page","link":"https:\/\/jusac-nuevo.usac.edu.gt\/?page_id=16614","title":{"rendered":"\u2013 \u2013 Paso No. 2.1 \u2013 Aplicaci\u00f3n en L\u00ednea Pruebas de Conocimientos B\u00e1sicos"},"content":{"rendered":"\t\t<div data-elementor-type=\"wp-page\" data-elementor-id=\"16614\" class=\"elementor elementor-16614\">\n\t\t\t\t\t\t<section class=\"elementor-section elementor-top-section elementor-element elementor-element-7e8f0acf elementor-section-boxed elementor-section-height-default elementor-section-height-default\" data-id=\"7e8f0acf\" data-element_type=\"section\" data-e-type=\"section\">\n\t\t\t\t\t\t<div class=\"elementor-container elementor-column-gap-default\">\n\t\t\t\t\t<div class=\"elementor-column elementor-col-100 elementor-top-column elementor-element elementor-element-3d8608dc\" data-id=\"3d8608dc\" data-element_type=\"column\" data-e-type=\"column\">\n\t\t\t<div class=\"elementor-widget-wrap elementor-element-populated\">\n\t\t\t\t\t\t<div class=\"elementor-element elementor-element-5ca69a9b elementor-widget elementor-widget-text-editor\" data-id=\"5ca69a9b\" data-element_type=\"widget\" data-e-type=\"widget\" data-widget_type=\"text-editor.default\">\n\t\t\t\t<div class=\"elementor-widget-container\">\n\t\t\t\t\t\t\t\t\t<h3 style=\"text-align: center;\"><span style=\"color: #ff6600;\"><strong><span style=\"color: #ff6600;\">PROCESO PARA LA APLICACI\u00d3N EN L\u00cdNEA DE LA(S) PRUEBA(S) DE CONOCIMIENTOS BASICOS DE <\/span><span style=\"color: #0000ff;\">LENGUAJE Y MATEM\u00c1TICA<\/span><\/strong><span style=\"color: #0000ff;\"><strong style=\"font-size: 24px;\">:<\/strong><\/span><\/span><\/h3><h5 style=\"text-align: center;\"><span style=\"color: #000080;\"><strong>ASPIRANTES DE PRIMER INGRESO 2026 PODR\u00c1N APLICARSE COMPLETAMENTE EN L\u00cdNEA ESTA PRUEBA \u00daNICAMENTE <span style=\"color: #ff0000;\">EL D\u00cdA Y LA HORA EXACTA YA ESTABLECIDA EN LA HOJA TIPO CONTRASE\u00d1A EN FORMATO .PDF QUE DESCARGARON EL DIA QUE SE INSCRIBIERON Y ASIGNARON LAS PRUEBAS.<\/span><\/strong><\/span><\/h5><p style=\"text-align: center;\"><span class=\"bze30y65 r5qsrrlp i5tg98hk f9ovudaz przvwfww gx1rr48f gfz4du6o r7fjleex nz2484kf svot0ezm dcnh1tix sxl192xd t3g6t33p\"><span class=\"mpj7bzys xzlurrtv i5tg98hk lnjlmjd6 przvwfww mc6o24uu\">\ud83d\udc47\ud83c\udffb<\/span><\/span><span class=\"bze30y65 r5qsrrlp i5tg98hk f9ovudaz przvwfww gx1rr48f gfz4du6o r7fjleex nz2484kf svot0ezm dcnh1tix sxl192xd t3g6t33p\"><span class=\"mpj7bzys xzlurrtv i5tg98hk lnjlmjd6 przvwfww mc6o24uu\">\ud83d\udc47\ud83c\udffb<\/span><\/span><span class=\"bze30y65 r5qsrrlp i5tg98hk f9ovudaz przvwfww gx1rr48f gfz4du6o r7fjleex nz2484kf svot0ezm dcnh1tix sxl192xd t3g6t33p\"><span class=\"mpj7bzys xzlurrtv i5tg98hk lnjlmjd6 przvwfww mc6o24uu\">\ud83d\udc47\ud83c\udffb<\/span><\/span><span class=\"bze30y65 r5qsrrlp i5tg98hk f9ovudaz przvwfww gx1rr48f gfz4du6o r7fjleex nz2484kf svot0ezm dcnh1tix sxl192xd t3g6t33p\"><span class=\"mpj7bzys xzlurrtv i5tg98hk lnjlmjd6 przvwfww mc6o24uu\">\ud83d\udc47\ud83c\udffb<\/span><\/span><span class=\"bze30y65 r5qsrrlp i5tg98hk f9ovudaz przvwfww gx1rr48f gfz4du6o r7fjleex nz2484kf svot0ezm dcnh1tix sxl192xd t3g6t33p\"><span class=\"mpj7bzys xzlurrtv i5tg98hk lnjlmjd6 przvwfww mc6o24uu\">\ud83d\udc47\ud83c\udffb<\/span><\/span><span class=\"bze30y65 r5qsrrlp i5tg98hk f9ovudaz przvwfww gx1rr48f gfz4du6o r7fjleex nz2484kf svot0ezm dcnh1tix sxl192xd t3g6t33p\"><span class=\"mpj7bzys xzlurrtv i5tg98hk lnjlmjd6 przvwfww mc6o24uu\">\ud83d\udc47\ud83c\udffb<\/span><\/span><\/p><p style=\"text-align: center;\"><img fetchpriority=\"high\" decoding=\"async\" class=\"alignnone size-medium wp-image-36621\" src=\"https:\/\/jusac.usac.edu.gt\/wp-content\/uploads\/2024\/06\/CONSTANCIA-DE-ASIGNACION-DE-CONOCIMIENTOS-BASICOS-225x300.png\" alt=\"\" width=\"225\" height=\"300\" \/><\/p><h5 style=\"text-align: center;\"><strong><span style=\"color: #008000;\">PARA REALIZAR ESTE PROCESO <\/span><\/strong><strong><span style=\"color: #008000;\"><span style=\"color: #ff0000;\">SE LE PERMITE UTILIZAR TABLET O CELULAR, <\/span><\/span><\/strong><strong><span style=\"color: #008000;\">PERO PREFERIBLEMENTE UTILICE UNA <span style=\"color: #0000ff;\">COMPUTADORA DE ESCRITORIO O PORT\u00c1TIL.<\/span>\u00a0<\/span><\/strong><\/h5><h4 style=\"text-align: center;\"><span style=\"color: #000000;\"><strong>___________________________________________________________________________________<\/strong><\/span><\/h4><h4 style=\"text-align: justify;\"><span style=\"color: #800080;\"><strong>INSTRUCCIONES Y CONSIDERACIONES GENERALES QUE DEBE DE TOMAR MUY EN CUENTA EL(LA) ASPIRANTE UNOS 3 DIAS ANTERIORES ANTES DE INICIAR LA APLICACI\u00d3N\u00a0 DE LAS PRUEBAS DE CONOCIMIENTOS B\u00c1SICOS EN L\u00cdNEA:<\/strong><\/span><\/h4><p style=\"text-align: center;\"><span class=\"bze30y65 r5qsrrlp i5tg98hk f9ovudaz przvwfww gx1rr48f gfz4du6o r7fjleex nz2484kf svot0ezm dcnh1tix sxl192xd t3g6t33p\"><span class=\"mpj7bzys xzlurrtv i5tg98hk lnjlmjd6 przvwfww mc6o24uu\">\ud83d\udc47\ud83c\udffb<\/span><\/span><span class=\"bze30y65 r5qsrrlp i5tg98hk f9ovudaz przvwfww gx1rr48f gfz4du6o r7fjleex nz2484kf svot0ezm dcnh1tix sxl192xd t3g6t33p\"><span class=\"mpj7bzys xzlurrtv i5tg98hk lnjlmjd6 przvwfww mc6o24uu\">\ud83d\udc47\ud83c\udffb<\/span><\/span><span class=\"bze30y65 r5qsrrlp i5tg98hk f9ovudaz przvwfww gx1rr48f gfz4du6o r7fjleex nz2484kf svot0ezm dcnh1tix sxl192xd t3g6t33p\"><span class=\"mpj7bzys xzlurrtv i5tg98hk lnjlmjd6 przvwfww mc6o24uu\">\ud83d\udc47\ud83c\udffb<\/span><\/span><span class=\"bze30y65 r5qsrrlp i5tg98hk f9ovudaz przvwfww gx1rr48f gfz4du6o r7fjleex nz2484kf svot0ezm dcnh1tix sxl192xd t3g6t33p\"><span class=\"mpj7bzys xzlurrtv i5tg98hk lnjlmjd6 przvwfww mc6o24uu\">\ud83d\udc47\ud83c\udffb<\/span><\/span><span class=\"bze30y65 r5qsrrlp i5tg98hk f9ovudaz przvwfww gx1rr48f gfz4du6o r7fjleex nz2484kf svot0ezm dcnh1tix sxl192xd t3g6t33p\"><span class=\"mpj7bzys xzlurrtv i5tg98hk lnjlmjd6 przvwfww mc6o24uu\">\ud83d\udc47\ud83c\udffb<\/span><\/span><span class=\"bze30y65 r5qsrrlp i5tg98hk f9ovudaz przvwfww gx1rr48f gfz4du6o r7fjleex nz2484kf svot0ezm dcnh1tix sxl192xd t3g6t33p\"><span class=\"mpj7bzys xzlurrtv i5tg98hk lnjlmjd6 przvwfww mc6o24uu\">\ud83d\udc47\ud83c\udffb<\/span><\/span><\/p><p style=\"text-align: center;\"><img decoding=\"async\" src=\"https:\/\/scontent.fgua13-1.fna.fbcdn.net\/v\/t39.30808-6\/547413116_1207779304726258_4347010737770920151_n.jpg?_nc_cat=109&amp;ccb=1-7&amp;_nc_sid=127cfc&amp;_nc_ohc=ovJAM6Nc748Q7kNvwF4ZzD-&amp;_nc_oc=AdlDl6IiDfCeBTuS86-a1mcULfGOmyJaY4njxSNpvvDmBKa_CyWL72QVp5-uW4mnZ-Y&amp;_nc_zt=23&amp;_nc_ht=scontent.fgua13-1.fna&amp;_nc_gid=Vdhnh1s3UnFPSkn4OiGMIw&amp;oh=00_AfZDlkDk17Q0vRHUpQKnm1ehw1P62n71IvFPBMPVoSW9iQ&amp;oe=68E1D767\" alt=\"Puede ser una imagen de texto que dice &quot;Informaci\u00f3n importante Aplicaci\u00f3n de Pruebas de Conocimientos PCB modalidad en l\u00ednea Si tu(s) prueba(s) se ha(n) asignado en esta modalidad: Es requisito indispensable con anticipaci\u00f3n INICIES plataforma donde se realizar\u00e1n las pruebas yverifiques: tu presenta inconvenientes. 2.- Que navegador compatible. Ingresa desde el mi\u00e9rcoles 10 de septiembre 2025 partir de las 14\uff1a00 horas Accede con N\u00famero de Orientaci\u00f3n Vocacional carn\u00e9 universitario con fecha nacimiento registrada en tu constancia de asignaci\u00f3n las PCB. \u00bfDudas? Comun\u00edcate por medio de un mensaje directo en Facebook Sistema Ubicaci\u00f3ny Nivelaci\u00f3n SUN Sistema de Ubicaci\u00f3n Nivelaci\u00f3n \u00a1Acompa\u00f1\u00e1ndote proceso SUN sun.usac.edu.gt Sistema Ubicaci\u00f3ny Nivelaci\u00f3n SUN Sistema&quot;\" \/><\/p><h3><strong><span style=\"color: #993366;\"><img decoding=\"async\" class=\"alignnone size-large wp-image-37119\" src=\"https:\/\/jusac.usac.edu.gt\/wp-content\/uploads\/2024\/07\/Navegador-Web-Compatible-1024x416.png\" alt=\"\" width=\"1024\" height=\"416\" \/>\u00a0<\/span><\/strong><\/h3><p><img decoding=\"async\" class=\"aligncenter wp-image-16625 size-large\" src=\"https:\/\/jusac.usac.edu.gt\/wp-content\/uploads\/2021\/08\/233760732_1780586508780743_5216203703709648691_n-1024x804.jpg\" alt=\"\" width=\"1024\" height=\"804\" \/><img loading=\"lazy\" decoding=\"async\" class=\"aligncenter wp-image-16626 size-large\" src=\"https:\/\/jusac.usac.edu.gt\/wp-content\/uploads\/2021\/08\/224837238_1780586505447410_7876631143359904704_n-1024x816.jpg\" alt=\"\" width=\"1024\" height=\"816\" \/><\/p><h4>\u00a0<\/h4><h4 style=\"text-align: center;\"><span style=\"color: #993366;\"><strong>ADEMAS, SE TE RECUERDA MUY BIEN LO SIGUIENTE:\u00a0<\/strong><\/span><\/h4><ul><li style=\"text-align: justify;\"><h6><span style=\"color: #800080;\"><b style=\"color: #800080;\">La inscripci\u00f3n y asignaci\u00f3n a la prueba de conocimientos b\u00e1sicos de <span style=\"color: #0000ff;\">lenguaje o matem\u00e1tica<\/span> con la fecha de aplicaci\u00f3n de la prueba de conocimientos b\u00e1sicos <\/b><b style=\"color: #800080;\">es <span style=\"color: #ff0000;\">\u00abindividual e intransferible\u00bb<\/span> <span style=\"color: #000000;\">(lo que significa que no se le puede proporcionar a otro compa\u00f1ero, amigo o familiar para que este lo utilice y se eval\u00fae)<\/span><\/b><span style=\"color: #000000;\"><b>.<\/b><\/span><\/span><\/h6><\/li><li style=\"text-align: justify;\"><h6><span style=\"color: #800080;\"><strong>El Tiempo aproximado que dura la PRUEBA DE CONOCIMIENTOS B\u00c1SICOS es de:<span style=\"color: #000000;\"> 1 hora.<\/span><\/strong><\/span><\/h6><\/li><li style=\"text-align: justify;\"><h6><span style=\"color: #800080;\"><strong>Para la evaluaci\u00f3n, el aspirante debe contar con un lugar sin distractores, con buena iluminaci\u00f3n y ventilaci\u00f3n.<\/strong><\/span><\/h6><\/li><li style=\"text-align: justify;\"><h6><span style=\"color: #800080;\"><strong>De preferencia en un escritorio con una silla c\u00f3moda, por el tiempo que durar\u00e1 la evaluaci\u00f3n.<\/strong><\/span><\/h6><\/li><li style=\"text-align: justify;\"><h6><span style=\"color: #800080;\"><strong>Excelente Conectividad a internet sin fallas\u00a0 o problemas, con al menos\u00a0 3 MEGAS de velocidad.<\/strong><\/span><\/h6><\/li><li style=\"text-align: justify;\"><h6><span style=\"color: #800080;\"><b>Utilizar navegadores de internet actualizados espec\u00edficamente Google Chrome o Mozilla Firefox<\/b><\/span><span style=\"color: #800080;\"><b style=\"color: #800080;\">.<\/b><\/span><\/h6><\/li><li style=\"text-align: justify;\"><h6><span style=\"color: #800080;\"><span style=\"color: #800080;\"><b>Durante la aplicaci\u00f3n de la prueba de conocimientos b\u00e1sicos no puedes abrir mas pesta\u00f1as o navegar en diferentes paginas de internet en tu navegador, <span style=\"color: #ff0000;\">ya que tu prueba ser\u00e1 completamente anulada<\/span><\/b><\/span><\/span><\/h6><\/li><\/ul><h4 style=\"text-align: center;\"><span style=\"color: #000000;\"><strong>___________________________________________________________________________________<\/strong><\/span><\/h4><h4 style=\"text-align: center;\"><span style=\"color: #000000;\"><strong>___________________________________________________________________________________<\/strong><\/span><\/h4><h4 style=\"text-align: justify;\"><span style=\"color: #800080;\"><strong>PRACTICA Y MEMORIZA EL SIGUIENTE VIDEO TUTORIAL SOBRE EL PROCESO PASO A PASO PARA EL INGRESO DE LA APLICACI\u00d3N DE LA(S) PRUEBA(S) DE CONOCIMIENTO(S) B\u00c1SICO(S) EN L\u00cdNEA:<\/strong><\/span><\/h4><p style=\"text-align: center;\"><span class=\"bze30y65 r5qsrrlp i5tg98hk f9ovudaz przvwfww gx1rr48f gfz4du6o r7fjleex nz2484kf svot0ezm dcnh1tix sxl192xd t3g6t33p\"><span class=\"mpj7bzys xzlurrtv i5tg98hk lnjlmjd6 przvwfww mc6o24uu\">\ud83d\udc47\ud83c\udffb<\/span><\/span><span class=\"bze30y65 r5qsrrlp i5tg98hk f9ovudaz przvwfww gx1rr48f gfz4du6o r7fjleex nz2484kf svot0ezm dcnh1tix sxl192xd t3g6t33p\"><span class=\"mpj7bzys xzlurrtv i5tg98hk lnjlmjd6 przvwfww mc6o24uu\">\ud83d\udc47\ud83c\udffb<\/span><\/span><span class=\"bze30y65 r5qsrrlp i5tg98hk f9ovudaz przvwfww gx1rr48f gfz4du6o r7fjleex nz2484kf svot0ezm dcnh1tix sxl192xd t3g6t33p\"><span class=\"mpj7bzys xzlurrtv i5tg98hk lnjlmjd6 przvwfww mc6o24uu\">\ud83d\udc47\ud83c\udffb<\/span><\/span><span class=\"bze30y65 r5qsrrlp i5tg98hk f9ovudaz przvwfww gx1rr48f gfz4du6o r7fjleex nz2484kf svot0ezm dcnh1tix sxl192xd t3g6t33p\"><span class=\"mpj7bzys xzlurrtv i5tg98hk lnjlmjd6 przvwfww mc6o24uu\">\ud83d\udc47\ud83c\udffb<\/span><\/span><span class=\"bze30y65 r5qsrrlp i5tg98hk f9ovudaz przvwfww gx1rr48f gfz4du6o r7fjleex nz2484kf svot0ezm dcnh1tix sxl192xd t3g6t33p\"><span class=\"mpj7bzys xzlurrtv i5tg98hk lnjlmjd6 przvwfww mc6o24uu\">\ud83d\udc47\ud83c\udffb<\/span><\/span><span class=\"bze30y65 r5qsrrlp i5tg98hk f9ovudaz przvwfww gx1rr48f gfz4du6o r7fjleex nz2484kf svot0ezm dcnh1tix sxl192xd t3g6t33p\"><span class=\"mpj7bzys xzlurrtv i5tg98hk lnjlmjd6 przvwfww mc6o24uu\">\ud83d\udc47\ud83c\udffb<\/span><\/span><\/p><h6 style=\"text-align: justify;\"><span style=\"color: #000000;\">-El(la) aspirante de primer ingreso debe ingresar \u00fanicamente a la siguiente plataforma para la aplicaci\u00f3n de la prueba de conocimientos b\u00e1sicos:<\/span><\/h6><p>\u00a0<\/p><h4 style=\"text-align: center;\"><a href=\"https:\/\/radd1.virtual.usac.edu.gt\/pcb\/\" target=\"_blank\" rel=\"noopener\"><span style=\"color: #ff00ff;\"><strong>https:\/\/radd1.virtual.usac.edu.gt\/pcb\/<\/strong><\/span><\/a><\/h4><p>\u00a0<\/p><p style=\"text-align: center;\"><img loading=\"lazy\" decoding=\"async\" class=\"alignnone size-large wp-image-37112\" src=\"https:\/\/jusac.usac.edu.gt\/wp-content\/uploads\/2024\/07\/Portal-Prueba-de-Conocimientos-Basicos-1024x440.png\" alt=\"\" width=\"1024\" height=\"440\" \/><\/p><h6>\u00a0<\/h6><h6 style=\"text-align: justify;\"><span style=\"color: #000000;\">-A CONTINUACI\u00d3N SIGA TODOS Y CADA UNO DE LOS PASOS DETALLADOS EN EL SIGUIENTE VIDEO TUTORIAL:<\/span><\/h6><p><div style=\"width: 1140px;\" class=\"wp-video\"><video class=\"wp-video-shortcode\" id=\"video-16614-1\" width=\"1140\" height=\"641\" preload=\"metadata\" controls=\"controls\"><source type=\"video\/mp4\" src=\"https:\/\/jusac.usac.edu.gt\/wp-content\/uploads\/2024\/07\/Aplicacion-de-Pruebas-de-Conocimientos-Basicos-primer-ingreso-a-la-USAC-modalidad-virtual.mp4?_=1\" \/><a href=\"https:\/\/jusac.usac.edu.gt\/wp-content\/uploads\/2024\/07\/Aplicacion-de-Pruebas-de-Conocimientos-Basicos-primer-ingreso-a-la-USAC-modalidad-virtual.mp4\">https:\/\/jusac.usac.edu.gt\/wp-content\/uploads\/2024\/07\/Aplicacion-de-Pruebas-de-Conocimientos-Basicos-primer-ingreso-a-la-USAC-modalidad-virtual.mp4<\/a><\/video><\/div><\/p><div class=\"\" data-block=\"true\" data-editor=\"4l771\" data-offset-key=\"djll0-0-0\"><h5 data-offset-key=\"djll0-0-0\">\u00a0<\/h5><h4 class=\"_1mf _1mj\" style=\"text-align: center;\" data-offset-key=\"djll0-0-0\"><span style=\"color: #0000ff;\"><strong>DUDAS, CONSULTAS O PROBLEMAS DE ACCESO A LA PLATAFORMA PARA APLICARSE LA PRUEBA DE CONOCIMIENTOS B\u00c1SICOS, ENV\u00cdE UN MENSAJE DIRECTO POR MEDIO DE FACEBOOK MESSENGER:<\/strong><\/span><\/h4><\/div><div class=\"_1mf _1mj\" style=\"text-align: center;\" data-offset-key=\"6nmjv-0-0\"><strong>\u00a0<span class=\"bze30y65 r5qsrrlp i5tg98hk f9ovudaz przvwfww gx1rr48f gfz4du6o r7fjleex nz2484kf svot0ezm dcnh1tix sxl192xd t3g6t33p\"><span class=\"mpj7bzys xzlurrtv i5tg98hk lnjlmjd6 przvwfww mc6o24uu\">\ud83d\udc47\ud83c\udffb<\/span><\/span><span class=\"bze30y65 r5qsrrlp i5tg98hk f9ovudaz przvwfww gx1rr48f gfz4du6o r7fjleex nz2484kf svot0ezm dcnh1tix sxl192xd t3g6t33p\"><span class=\"mpj7bzys xzlurrtv i5tg98hk lnjlmjd6 przvwfww mc6o24uu\">\ud83d\udc47\ud83c\udffb<\/span><\/span><span class=\"bze30y65 r5qsrrlp i5tg98hk f9ovudaz przvwfww gx1rr48f gfz4du6o r7fjleex nz2484kf svot0ezm dcnh1tix sxl192xd t3g6t33p\"><span class=\"mpj7bzys xzlurrtv i5tg98hk lnjlmjd6 przvwfww mc6o24uu\">\ud83d\udc47\ud83c\udffb<\/span><\/span><span class=\"bze30y65 r5qsrrlp i5tg98hk f9ovudaz przvwfww gx1rr48f gfz4du6o r7fjleex nz2484kf svot0ezm dcnh1tix sxl192xd t3g6t33p\"><span class=\"mpj7bzys xzlurrtv i5tg98hk lnjlmjd6 przvwfww mc6o24uu\">\ud83d\udc47\ud83c\udffb<\/span><\/span><span class=\"bze30y65 r5qsrrlp i5tg98hk f9ovudaz przvwfww gx1rr48f gfz4du6o r7fjleex nz2484kf svot0ezm dcnh1tix sxl192xd t3g6t33p\"><span class=\"mpj7bzys xzlurrtv i5tg98hk lnjlmjd6 przvwfww mc6o24uu\">\ud83d\udc47\ud83c\udffb<\/span><\/span><span class=\"bze30y65 r5qsrrlp i5tg98hk f9ovudaz przvwfww gx1rr48f gfz4du6o r7fjleex nz2484kf svot0ezm dcnh1tix sxl192xd t3g6t33p\"><span class=\"mpj7bzys xzlurrtv i5tg98hk lnjlmjd6 przvwfww mc6o24uu\">\ud83d\udc47\ud83c\udffb<\/span><\/span><\/strong><\/div><div class=\"\" data-block=\"true\" data-editor=\"4l771\" data-offset-key=\"1ndj5-0-0\"><h4 class=\"_1mf _1mj\" style=\"text-align: center;\" data-offset-key=\"1ndj5-0-0\"><span style=\"color: #ff00ff;\"><a style=\"color: #ff00ff;\" href=\"https:\/\/www.facebook.com\/SUNUSAC\/\" target=\"_blank\" rel=\"noopener\"><strong><span class=\"py34i1dx\">HTTPS:\/\/WWW.FACEBOOK.COM\/SUNUSAC\/<\/span><\/strong><\/a><\/span><\/h4><\/div><h4 style=\"text-align: center;\"><span style=\"color: #000000;\"><strong>___________________________________________________________________________________<\/strong><\/span><\/h4><h4 style=\"text-align: center;\"><span style=\"color: #000000;\"><strong>___________________________________________________________________________________<\/strong><\/span><\/h4><div><div><div><h4 style=\"text-align: center;\"><strong style=\"font-size: 1.5em;\"><span style=\"color: #003300;\" data-darkreader-inline-color=\"\"><span style=\"color: #008000;\">\u00bfDUDAS O TIENES ALGUN PROBLEMA?<\/span><\/span><\/strong><\/h4><\/div><\/div><div><div dir=\"auto\" style=\"text-align: justify;\"><div style=\"text-align: center;\"><span style=\"color: #008000;\"><b>env\u00eda<\/b><\/span><span style=\"color: #003300;\" data-darkreader-inline-color=\"\"><span style=\"color: #008000;\"><b style=\"color: #008000;\"> un mensaje por facebook messenger a la p\u00e1gina encargada de aplicar en l\u00ednea las pruebas de conocimientos b\u00e1sicos<\/b><b style=\"color: #008000;\">:<\/b><\/span> <\/span><\/div><h4 style=\"text-align: center;\"><a href=\"https:\/\/www.facebook.com\/SUNUSAC\" target=\"_blank\" rel=\"noopener\"><strong><span style=\"color: #0000ff;\">https:\/\/www.facebook.com\/SUNUSAC<\/span><\/strong><\/a><\/h4><\/div><\/div><\/div><div><div dir=\"auto\" style=\"text-align: justify;\"><h3 style=\"text-align: center;\">\u00a0<\/h3><h2 style=\"text-align: center;\"><strong><span style=\"color: #000000;\" data-darkreader-inline-color=\"\">\u00abID Y ENSE\u00d1AD A TODOS\u00bb<\/span><\/strong><\/h2><\/div><\/div><div class=\"dc\">\u00a0<\/div>\t\t\t\t\t\t\t\t<\/div>\n\t\t\t\t<\/div>\n\t\t\t\t\t<\/div>\n\t\t<\/div>\n\t\t\t\t\t<\/div>\n\t\t<\/section>\n\t\t\t\t<\/div>\n\t\t","protected":false},"excerpt":{"rendered":"<p>PROCESO PARA LA APLICACI\u00d3N EN L\u00cdNEA DE LA(S) PRUEBA(S) DE CONOCIMIENTOS BASICOS DE LENGUAJE Y MATEM\u00c1TICA: ASPIRANTES DE PRIMER INGRESO 2026 PODR\u00c1N APLICARSE COMPLETAMENTE EN L\u00cdNEA ESTA PRUEBA \u00daNICAMENTE EL D\u00cdA Y LA HORA EXACTA YA ESTABLECIDA EN LA HOJA TIPO CONTRASE\u00d1A EN FORMATO .PDF QUE DESCARGARON EL DIA QUE SE INSCRIBIERON Y ASIGNARON LAS [&hellip;]<\/p>\n","protected":false},"author":2,"featured_media":0,"parent":38,"menu_order":5,"comment_status":"closed","ping_status":"closed","template":"","meta":{"_joinchat":[],"footnotes":""},"class_list":["post-16614","page","type-page","status-publish","czr-hentry"],"_links":{"self":[{"href":"https:\/\/jusac-nuevo.usac.edu.gt\/index.php?rest_route=\/wp\/v2\/pages\/16614","targetHints":{"allow":["GET"]}}],"collection":[{"href":"https:\/\/jusac-nuevo.usac.edu.gt\/index.php?rest_route=\/wp\/v2\/pages"}],"about":[{"href":"https:\/\/jusac-nuevo.usac.edu.gt\/index.php?rest_route=\/wp\/v2\/types\/page"}],"author":[{"embeddable":true,"href":"https:\/\/jusac-nuevo.usac.edu.gt\/index.php?rest_route=\/wp\/v2\/users\/2"}],"replies":[{"embeddable":true,"href":"https:\/\/jusac-nuevo.usac.edu.gt\/index.php?rest_route=%2Fwp%2Fv2%2Fcomments&post=16614"}],"version-history":[{"count":0,"href":"https:\/\/jusac-nuevo.usac.edu.gt\/index.php?rest_route=\/wp\/v2\/pages\/16614\/revisions"}],"up":[{"embeddable":true,"href":"https:\/\/jusac-nuevo.usac.edu.gt\/index.php?rest_route=\/wp\/v2\/pages\/38"}],"wp:attachment":[{"href":"https:\/\/jusac-nuevo.usac.edu.gt\/index.php?rest_route=%2Fwp%2Fv2%2Fmedia&parent=16614"}],"curies":[{"name":"wp","href":"https:\/\/api.w.org\/{rel}","templated":true}]}}